-2)/9*6)/((-2)/(-171)). Let s = 245 + y. List the prime factors of s.
131
Suppose 4260209 + 2776577 = 132*z + 544102. What are the prime factors of z?
101, 487
Let o be -1 - -2*(108 + -2). Suppose o = 44*n - 43*n. Let u = 349 - n. List the prime factors of u.
2, 3, 23
Suppose -6*x + 35358 + 24228 = 0. What are the prime factors of x?
9931
Let i be (-65)/(-26)*(-32036)/(-10). Suppose 11*u + i - 21066 = 0. What are the prime factors of u?
1187
Suppose 10 - 4 = 6*z. What are the prime factors of 284 + 19 + 3*z?
2, 3, 17
Let q be (24/40)/(4/(-20)). What are the prime factors of q - (-14)/7 - -116?
5, 23
Let l be 67/2*(-8 + -3988). What are the prime factors of l/(-185) - 2/(-5)?
2, 181
Suppose -190010 = -4*u - 915*g + 913*g, 3*g - 237514 = -5*u. List the prime factors of u.
47501
Suppose t = 2*o - 45, -38*t + 2*o + 273 = -43*t. Suppose 0*m + 198 = -4*h - 2*m, -2*h = 3*m + 101. Let i = h - t. What are the prime factors of i?
2
Let b(q) = -q**3 - 20*q**2 + 49. Let p(w) = 107*w + 1. Let k be p(1). Suppose 5*l - m + k = -3*m, 4*m = l + 4. What are the prime factors of b(l)?
7
Let h(y) = 23*y - 19. Suppose 0 = k - 2*a + 3*a - 12, 0 = -4*k + 5*a + 3. List the prime factors of h(k).
2, 71
Let f(x) = 2*x**2 + 28*x + 99. Let d(m) = -m - 1. Let p(h) = 3*d(h) + f(h). What are the prime factors of p(-6)?
2, 3
Let b = 9057 - -6402. What are the prime factors of b?
3, 5153
Suppose 6*y - 179 = -35. Let j(t) = -t**2 + 68*t + 8. List the prime factors of j(y).
2, 7, 19
Suppose 11*h - 12*h + 5*f = 6, 0 = 5*h - 3*f + 8. Let d(v) = 81*v**2 + 9*v. List the prime factors of d(h).
2, 3
Suppose -25*f + 26*f - z = 7689, -4*f - 3*z = -30749. What are the prime factors of f?
2, 31
Suppose b - 3*j - 1800 = 0, 25*b + 4*j - 1800 = 24*b. List the prime factors of b.
2, 3, 5
Let f(y) = -3*y**2 + 65*y - 7. Let m be f(20). List the prime factors of (-1)/(-3) - (-85994)/m.
5, 37
Suppose -5*m + 30 = -5*o + 5, 29 = 5*m - 3*o. Suppose 13 = 4*x + 5*d + m, 5*d - 7 = -3*x. What are the prime factors of (x/2)/(1/(-24))?
2, 3
Suppose 4*x - 2*y = 8, 3*x - 4*x + 2 = -3*y. Let h be (x - (-2)/(-2))*2. Suppose t - 104 = 3*g - g, -224 = -h*t - 4*g. What are the prime factors of t?
2, 3
Suppose 0*f - 60 = -15*f. Suppose 2*p - f*j - j - 1850 = 0, j + 2775 = 3*p. What are the prime factors of p?
5, 37
Suppose 70*c = 425231 + 189649. What are the prime factors of c?
2, 3, 61
Let l(t) = 2*t**3 - 3*t**2 - 11*t + 21. Let y be l(-13). List the prime factors of y/(-51) - (-16)/136.
3, 31
Let z(y) = y**2 - 59*y + 1344. List the prime factors of z(98).
2, 3, 7, 41
Suppose 154931 - 509124 = -43*s + 229231. List the prime factors of s.
2, 53
Let o(v) = -3*v + 64. Let u(s) = -s + 22. Let y(r) = 6*o(r) - 17*u(r). Let c be y(0). Suppose 18*f = c*f + 328. What are the prime factors of f?
41
Suppose 5*n + 64 = 94. Suppose -3*a - h + 2449 = 0, n*h + 16 = 10*h. List the prime factors of a.
5, 163
Suppose -4*d = -0*d + 8. Let b(n) = -581*n + 11 + 295*n + 245*n - 4. List the prime factors of b(d).
89
Let x = 207 - 194. What are the prime factors of 327 - (-5 - (3 - x))?
2, 7, 23
Let w(r) = -9*r**2 + 25*r - 97. Let q(f) = -30*f**2 + 75*f - 292. Let u(j) = -3*q(j) + 8*w(j). List the prime factors of u(6).
2, 13, 23
Let l be -8*(4 + (-17)/4). Suppose 5*h + m - 10 = 0, -4*h + 2*m = -l*h - 4. Let x(v) = 27*v + 6. List the prime factors of x(h).
2, 3, 5
Suppose -64*k + 82125 = -396147. List the prime factors of k.
3, 47, 53
Let k(b) = -5*b**2 - 180*b - 770. Let f be k(-5). Suppose -2*q - a = 2*q - 441, 2*a = -4*q + 446. Suppose 0 = -f*u - q + 269. List the prime factors of u.
2
Let a be (-2 - 1) + 10 + -13. List the prime factors of (-9)/a*(-128)/(-6).
2
Let t(y) = -9*y - 7. Let s(f) = 1. Let v(l) = -2*s(l) + t(l). Let w be v(-18). Suppose -w = -2*a + 11. What are the prime factors of a?
2, 41
Let x(m) = -877*m + 6671. What are the prime factors of x(-19)?
2, 3, 3889
Let z be -10*(10/2 - -5). Let v = z + 125. What are the prime factors of v?
5
Let s(a) = 10*a**3 - a**2 + 3*a - 3. Let o be (0 - -1)/((-3)/60*-5). Suppose -3*z = -p - o, -3*p + 2*z + 1 = -1. List the prime factors of s(p).
79
Suppose -22*h + 104 + 182 = 0. Suppose -3*z + 310 = -2*t, z + 17*t - 122 = h*t. What are the prime factors of z?
2, 53
Suppose -15 = -2*w + 5. Let r be (-2)/1 - (w - 14). Suppose 0 = k + 3, -5*m = 3*k - r*k - 347. What are the prime factors of m?
2, 5, 7
Suppose -9*l + 13*l + 16 = -g, -4 = -4*l + 4*g. What are the prime factors of l + 6 + 1 - (4 - 473)?
11, 43
Let b = 1266 - 680. Let x = -101 + b. What are the prime factors of x?
5, 97
Suppose -2*o - 8 = 5*d + 4, -5*o - 2*d - 30 = 0. Let i be -3 + ((-4)/o - 12/(-9)). List the prime factors of (34/(i - -3))/((-32)/(-64)).
2, 17
Suppose -7 = 5*c + 13, 5*k = -c + 6. What are the prime factors of 0 + (-16)/(-4) - (-1000)/k?
2, 3, 7
Suppose -2*m + q + 25146 = -3*q, -24 = -4*q. What are the prime factors of m?
3, 5, 839
Let w(k) = 11*k**2 + 103*k + 912. What are the prime factors of w(-10)?
2, 491
Suppose 0*a + 6*a - 1014 = 0. Suppose -a*f + 171*f - 282 = 0. What are the prime factors of f?
3, 47
Let t(h) = 66*h - 42. Let l be t(-7). Let k = l - -922. What are the prime factors of k?
2, 11, 19
Let i(s) = 117*s**2 - 132*s + 15. What are the prime factors of i(10)?
3, 5, 7, 11
Suppose -5*j + 17386 - 161 = 0. List the prime factors of j.
5, 13, 53
Let o = -9360 + 16288. List the prime factors of o.
2, 433
Let y = 24996 - 17626. What are the prime factors of y?
2, 5, 11, 67
What are the prime factors of ((-49649)/(-1895))/(2/6530)?
131, 653
List the prime factors of (-180536)/10*1040/(-416).
2, 22567
Let z = 3705 + -2522. What are the prime factors of z?
7, 13
Suppose -88 = -3*i + 167. Let j be 34/i + 46/10. Let n(m) = -m**3 + 6*m**2 + 7*m - 15. List the prime factors of n(j).
3, 5
Let l = 339 + 5813. What are the prime factors of l?
2, 769
Let l(y) = 3*y**3 + 130*y**2 - 33*y - 39. What are the prime factors of l(-43)?
3229
Let w(s) be the third derivative of 0 + 1/12*s**4 + 1/120*s**6 - 22*s**2 + 0*s - 1/30*s**5 + 7/6*s**3. List the prime factors of w(4).
47
Let j(f) = f**3 + 6*f**2 + 3*f + 1. Let b be j(-3). Suppose 21*x - 804 = b*x. What are the prime factors of x?
2, 3, 67
Let y(x) = 2579*x**2 - 326*x + 1657. List the prime factors of y(5).
2, 32251
Let j be 6/27 - (-15335)/45. Suppose -3*q + j = f - 1718, -4*f - 3443 = -5*q. What are the prime factors of q?
3, 229
Let u(a) = 30*a + 14. Let n be u(-1). What are the prime factors of (-1)/(((-4)/n)/(422/(-8)))?
211
Let f(x) = 26*x**2 - 53*x + 886. What are the prime factors of f(44)?
2, 5, 4889
Let c = 17 - 15. Suppose u = 3*p - 1645, -c*p + 2*u = 3*p - 2742. Suppose -4*g + p = -0. List the prime factors of g.
137
Suppose 4*x + 68 = 4*l, 2*x - 5*x = -5*l + 89. Suppose -7080 = -d - l*d. What are the prime factors of d?
2, 3, 59
Suppose -u + 10*u - 126 = 0. Suppose 0 = -u*m + 12*m + 1002. List the prime factors of m.
3, 167
Suppose -p - 7 = -r - 2*r, 4*p + 3*r = -13. List the prime factors of p + (513 - 3) + 8 + -4.
2, 3, 5, 17
Let v(s) = -5*s**2 - 5*s + 2. Let i be v(-6). What are the prime factors of (352 - 0) + i/37?
2, 3, 29
Let b = 51 + -35. Suppose -25*h = -b*h - 1143. What are the prime factors of h?
127
Let i = -4 - 3. Let f(z) be the second derivative of z**5/20 + 7*z**4/12 - z**3/6 + 2*z**2 + 108*z - 2. List the prime factors of f(i).
11
Let h(d) = -26*d**3 + 2*d**2 + 7*d + 6. Suppose -2*l = 2*y + 2*y + 10, y = -2. What are the prime factors of h(l)?
3
Suppose 3872038 + 5027695 = 290*s - 11423467. List the prime factors of s.
2, 3, 5, 73
Let c be 0*(2/9)/(6/(-9)). Suppose c = -28*x + 32*x - 12, r + 4*x = 757. List the prime factors of r.
5, 149
Let b = 4266 + -3514. What are the prime factors of b?
2, 47
List the prime factors of 8 + -4 + -13 + 29972/4.
2, 1871
Let i be 44/10 + 5/((-50)/4). Suppose i*t - 3*c = 20, -5*t = 8*c - 3*c + 10. List the prime factors of (-4)/(-2) + 735/5 - t.
3, 7
Let x be 560/48 + 2/6. Suppose -2*t - 2*t + 4*o = -x, -t = -4*o + 3. Suppose 0*m - 3*m + 26 = t*p, -2 = m - p. What are the prime factors of m?
2
Suppose -29*k = -32*k - 4*l + 107683, 0 = 4*k + l - 143586. What are the prime factors of k?
35897
Let q(d) = -d**3 + 84*d**2 - 150*d - 674. What are the prime factors of q(82)?
2, 3, 79
What are the prim